{"id":62,"date":"2022-05-16T20:28:33","date_gmt":"2022-05-16T18:28:33","guid":{"rendered":"http:\/\/bl-aj.fr\/?page_id=62"},"modified":"2022-11-04T20:29:14","modified_gmt":"2022-11-04T19:29:14","slug":"actualites","status":"publish","type":"page","link":"https:\/\/bl-aj.fr\/index.php\/actualites\/","title":{"rendered":"QUI SOMMES NOUS"},"content":{"rendered":"<div id=\"pl-62\"  class=\"panel-layout\" ><div id=\"pg-62-0\"  class=\"panel-grid panel-no-style\" ><div id=\"pgc-62-0-0\"  class=\"panel-grid-cell\" ><div id=\"panel-62-0-0-0\" class=\"so-panel widget widget_text panel-first-child panel-last-child\" data-index=\"0\" ><div class=\"panel-widget-style panel-widget-style-for-62-0-0-0\" >\t\t\t<div class=\"textwidget\"><p><a href=\"https:\/\/www.linkedin.com\/company\/bl-associes-administrateurs-judiciaires\/about\/\" target=\"_blank\" rel=\"noopener\"><strong>BL &amp; Associ\u00e9s<\/strong><\/a> est une \u00e9tude d\u2019administrateurs judiciaires fond\u00e9e par <a href=\"http:\/\/linkedin.com\/in\/manuel-bouyer-94a24723a\" target=\"_blank\" rel=\"noopener\"><strong>Manuel Bouyer<\/strong> <\/a>et <a href=\"http:\/\/linkedin.com\/in\/maxime-langet-54b71b57\" target=\"_blank\" rel=\"noopener\"><strong>Maxime Langet<\/strong><\/a> qui travaillent ensemble depuis pr\u00e8s de 10 ans.<\/p>\n<p><!-- \/wp:paragraph --><!-- wp:paragraph --><\/p>\n<p>L\u2019\u00e9tude dispose de bureaux \u00e0 Cr\u00e9teil (Val-de-Marne), Bobigny (Seine-Saint-Denis) et Saint-Denis la R\u00e9union (ouverture en cours \u00e0 Paris).<\/p>\n<p><!-- \/wp:paragraph --><!-- wp:paragraph --><\/p>\n<p>BL &amp; Associ\u00e9s intervient r\u00e9guli\u00e8rement aupr\u00e8s du TC d\u2019Ajaccio. L\u2019\u00e9tude a une comp\u00e9tence nationale, avec de nombreux dossiers en province. Son \u00e9quipe est compos\u00e9e de 12 collaborateurs dont 10 charg\u00e9s de mission.<\/p>\n<\/div>\n\t\t<\/div><\/div><\/div><\/div><\/div>","protected":false},"excerpt":{"rendered":"<p>BL &amp; Associ\u00e9s est une \u00e9tude d\u2019administrateurs judiciaires fond\u00e9e par Manuel Bouyer et Maxime Langet qui travaillent ensemble depuis pr\u00e8s de 10 ans. L\u2019\u00e9tude dispose de bureaux \u00e0 Cr\u00e9teil (Val-de-Marne), Bobigny (Seine-Saint-Denis) et Saint-Denis la R\u00e9union (ouverture en cours \u00e0 Paris). BL &amp; Associ\u00e9s intervient r\u00e9guli\u00e8rement aupr\u00e8s du TC d\u2019Ajaccio. L\u2019\u00e9tude a une comp\u00e9tence nationale, avec de nombreux dossiers en\u2026<\/p>\n","protected":false},"author":1,"featured_media":0,"parent":0,"menu_order":0,"comment_status":"closed","ping_status":"closed","template":"","meta":{"footnotes":""},"class_list":["post-62","page","type-page","status-publish","hentry"],"_links":{"self":[{"href":"https:\/\/bl-aj.fr\/index.php\/wp-json\/wp\/v2\/pages\/62","targetHints":{"allow":["GET"]}}],"collection":[{"href":"https:\/\/bl-aj.fr\/index.php\/wp-json\/wp\/v2\/pages"}],"about":[{"href":"https:\/\/bl-aj.fr\/index.php\/wp-json\/wp\/v2\/types\/page"}],"author":[{"embeddable":true,"href":"https:\/\/bl-aj.fr\/index.php\/wp-json\/wp\/v2\/users\/1"}],"replies":[{"embeddable":true,"href":"https:\/\/bl-aj.fr\/index.php\/wp-json\/wp\/v2\/comments?post=62"}],"version-history":[{"count":19,"href":"https:\/\/bl-aj.fr\/index.php\/wp-json\/wp\/v2\/pages\/62\/revisions"}],"predecessor-version":[{"id":242,"href":"https:\/\/bl-aj.fr\/index.php\/wp-json\/wp\/v2\/pages\/62\/revisions\/242"}],"wp:attachment":[{"href":"https:\/\/bl-aj.fr\/index.php\/wp-json\/wp\/v2\/media?parent=62"}],"curies":[{"name":"wp","href":"https:\/\/api.w.org\/{rel}","templated":true}]}}